9). Let p = 92 + w. What is the units digit of p?
0
Let s(n) = n**2 - 4*n + 1 + 4*n**3 + 5*n - 8*n**3. Let j be s(-1). What is the units digit of (1*4)/(j/10)?
8
Suppose 4*o = 3*o + 6. What is the units digit of 2/(-3) - (-52)/o?
8
Let z(p) = 7*p - 1. What is the units digit of z(1)?
6
Let c(s) = s - 8. Let w be c(4). Suppose 0 = 2*j + 2*j - 4. Let r = j - w. What is the units digit of r?
5
Let z(k) = -k**3 - 3*k**2 + 4*k + 7. What is the units digit of z(-4)?
7
Let v = 127 + -46. What is the tens digit of v?
8
Let j(b) = 2*b + 9. What is the units digit of j(7)?
3
Suppose b = -3*b + 120. Suppose 2*z = -y + 15, 0 = -5*y + 6*z - z + b. What is the units digit of y?
9
Suppose 3*t - 73 = 4*b - 4, -2*t = -4*b - 42. Suppose -4*y + 115 = -3*d + 5, -d - t = -y. What is the units digit of y?
9
Suppose 30 = m + m. Suppose 0*w - m = -w. Suppose 3*l - w = 0, 4*l + l = 3*p + 10. What is the units digit of p?
5
Let w(l) = 7*l - 11. Let b(j) = 10*j - 16. Let t(h) = 5*b(h) - 7*w(h). Let f be t(5). What is the units digit of f*2/(-6)*-21?
4
Suppose 0 = 2*x + 5*a - 21, -4*a + 20 - 8 = 0. Suppose -d - 30 = -3*c, c = -x*d + 7 + 3. What is the tens digit of c?
1
Suppose 0 = -3*o - o + 28. What is the units digit of o?
7
Suppose -d - 3*s + 28 = s, 0 = -4*d + s + 44. Suppose u + d = 5*u. What is the units digit of u?
3
Let j(c) = 12*c - 1. Let x be j(3). Suppose 3*i - x + 2 = 0. What is the units digit of i?
1
Let i = 407 + -286. What is the hundreds digit of i?
1
Let a(x) = 6*x + 2 - 5 + 8 + x**2. Let s be a(-5). Suppose y - 4 = -2*g - s*y, 3*y + 8 = -g. What is the units digit of g?
4
Let k(g) = g**3 + 2*g**2 + 2*g + 1. Let p be k(-1). What is the units digit of (p + 0 - 5)/(-1)?
5
Let b be (-8)/10*(-5)/2. Let d = b - 2. Suppose 4*z - l - 3 + d = 0, -3*z + 5*l - 2 = 0. What is the units digit of z?
1
Let y = -25 + 71. Let x = y - 32. Suppose 0 = -2*l - g + x, 7*g = 4*g. What is the units digit of l?
7
Let j be (-19)/(-3) - 10/(-15). Let p(v) = 2*v**2 - j*v**2 + 2*v**2 - 3*v - v**3. What is the units digit of p(-3)?
9
Let v = 2 + -1. Let d = -12 - -12. What is the units digit of (v + (d - 3))*-9?
8
Suppose 11 + 29 = 2*w. What is the units digit of w?
0
Suppose 0*a - 3*p = -3*a + 180, 5*p - 249 = -4*a. What is the units digit of a?
1
Let o = 16 - 14. Suppose 3*q - o*a - 40 = 0, -4*a - 17 = -4*q + 43. What is the tens digit of q?
1
Suppose -4*v - 3*p + 2 = -3, -5*v - 4*p + 6 = 0. Suppose -v*u = -3*u + 7. What is the units digit of u?
7
Let x(o) = o**2 + o + 2. Let w be x(2). What is the units digit of w/12 + 75/9?
9
Let k = -5 + 7. Suppose k*i = 4*s + 28, 0 = i - s - 3*s - 24. What is the units digit of i?
4
Let d(c) = 9*c**3 - 2*c**2 + c. Let p be d(1). Let g(x) = 11*x**2 - 6*x + x - 3*x - 10*x**2 + 1. What is the units digit of g(p)?
1
Suppose 4*g - 6 = g. Let b(h) = -4*h**g + 3*h**2 - h**3 - h**2 - 1. What is the units digit of b(-3)?
8
Suppose -p + 2*w = -w - 30, -p - 2*w = -10. Suppose -7*g + 4*g + p = 0. What is the units digit of g?
6
Let r(i) = -82*i**3 + i. Let q be r(-1). Let m = -54 + q. What is the tens digit of m?
2
What is the tens digit of (0 - (-3 + 3)) + (85 - -3)?
8
Suppose -2*w - 2*l + 10 = 0, -3*w + 4*l = -8*w + 21. Let h be (-1)/((0 - w)/(-20)). Let g = -11 - h. What is the units digit of g?
9
Let s(i) be the third derivative of -i**4/12 + i**3/3 + i**2. What is the tens digit of s(-4)?
1
Let o(z) = -2*z**2 - z + 1. Let v be o(1). Let x be 6/(-4)*v/(-3). What is the units digit of (33 - -1)*x/(-2)?
7
Let f(n) = n - 5. Let q(u) = u - 4. Let i(p) = 4*f(p) - 3*q(p). What is the units digit of i(10)?
2
Let z = -2 - -4. Let r be z/(-1) - (-1 + 0). Let a = 9 + r. What is the units digit of a?
8
Suppose 5*p = d - 98, 5*p + 69 = -3*d - 17. Let o = 13 + p. Let v(s) = s**3 + 6*s**2 + 7. What is the units digit of v(o)?
7
Let m = 6 - 4. Suppose -2*s + 25 = a, -3*s - 3*a = -m*s - 25. What is the units digit of s?
0
Let s = -16 + 25. Let d be 88/9 + 2/s. Let l = d + -6. What is the units digit of l?
4
Suppose 98 = 5*s + 2*n, 2*s = -0*s + 4*n + 44. Let q = -12 + s. What is the units digit of q?
8
Let d be (-2)/6 - (-8)/6. Let r(a) = 0 - 5*a - 2*a + d. What is the units digit of r(-1)?
8
Let b = 67 + -4. What is the units digit of b?
3
Let o = -6 + 2. Let t(m) = m**3 + 3*m**2 - 7*m - 5. What is the units digit of t(o)?
7
Let r = -54 + 90. What is the units digit of r?
6
Let q(i) = 2*i**2 - 5*i + 3. Suppose k = 5*k + 8. Let j be 3 + (-1)/k*0. What is the units digit of q(j)?
6
Suppose 4*v + p = 1099, 5*v - 524 - 843 = p. What is the hundreds digit of v?
2
Suppose -24 = -m + 9. What is the tens digit of m?
3
Suppose 2*r - 21 = 77. What is the tens digit of r?
4
Let t be (4/(-6))/(1/(-24)). Let q = -30 + t. What is the units digit of q/(-3) - (-4)/(-6)?
4
Let l(v) = 2*v**2 + 4*v + 3. Let w be l(-2). Suppose -m + w = 0, 3*t - 5*m = -t + 1. What is the units digit of t?
4
Suppose 0 = -o + 6*w - 4*w, 0 = -4*o + 3*w. Suppose 4 = 4*g, o = -2*q - 8*g + 3*g + 5. Suppose 68 = 4*r - q*r. What is the tens digit of r?
1
Suppose 2*k = 3*v, -3*k = -v + 3*v. Suppose 5*s + 4*w - 70 = 0, 0*w - 3*w = v. Suppose 3*h = y + 23, -4*h - y + s = y. What is the units digit of h?
6
What is the units digit of (-8)/(-48) - 197/(-6)?
3
Let j be 4/10 - (-108)/30. Suppose -j*x + 6 + 10 = 0. Suppose 5*w - 4 = -x*u, 1 + 3 = 4*u - 3*w. What is the units digit of u?
1
Suppose 2*d + o - 8 = -o, 0 = 5*d - 2*o - 13. Suppose -2*c = -0*c + d*q - 33, -19 = -c - 2*q. Let y = c - 1. What is the units digit of y?
8
Let g = 4 - 5. Let d = 1 + g. Let v = 2 - d. What is the units digit of v?
2
Let i = -34 + 103. What is the units digit of i?
9
Let i = 9 - 2. Suppose i = -5*p + 82. Suppose p = 2*r + 3*r. What is the units digit of r?
3
Suppose x = -4*x + 20. Suppose 0 = c - 2, 0*h - c = x*h + 22. Let n = 4 - h. What is the units digit of n?
0
Suppose -38 = -5*x + 17. Let t = -8 + x. What is the units digit of t?
3
Let l = -21 - -15. Suppose 4*y - 10 + 2 = -2*a, 5*a + y = 56. Let c = l + a. What is the units digit of c?
6
Suppose -4*r + 105 = -243. What is the units digit of r?
7
Suppose -3*k + 3*o + 24 = 0, -2*k + 32 = 2*k - 5*o. Suppose 2*t + 3*t = -4*b + 84, -2*t = -k. What is the tens digit of b?
1
Suppose 60 + 2 = -c. Let p = -31 - c. What is the units digit of p?
1
Suppose 57 = 4*i - 3*f - 419, 0 = -2*i - 5*f + 238. What is the hundreds digit of i?
1
Let f = -4 - -4. Suppose -4*o + 16 = u, 5*u + f*u - 58 = 2*o. What is the units digit of u?
2
Let j(z) = -2*z - 3. Let m be j(-6). Suppose 0 = -s - 1, 4*s = 2*r - 7*r - m. What is the tens digit of (r/2)/(2/(-44))?
1
Suppose -5*h - 164 = -649. What is the units digit of h?
7
Suppose -4*r + 5*r - 16 = 0. What is the units digit of r*(-39)/(-12)*1?
2
What is the hundreds digit of 6305/52 + 1/(-4)?
1
Suppose -4*k + 4 = 40. Let a be k*(-3 - (3 - 5)). What is the tens digit of ((-26)/(-3))/(6/a)?
1
Let n be 0/(-3)*(-1)/(-2). Suppose 4*d - 55 - 1 = n. What is the units digit of d?
4
Suppose n = -5 - 0. Let h(f) = 2*f**2 + 6*f + 6. What is the units digit of h(n)?
6
Suppose -14*b = -12*b - 16. What is the units digit of b?
8
Suppose -7*f = -9*f + 12. Let r(l) = 2*l + 9. What is the tens digit of r(f)?
2
Suppose 4*r + 3*k = 2*r + 340, 5*r + 4*k - 857 = 0. What is the units digit of r?
3
Suppose -66 = -5*z + 2*m, -3*z = -3*m + 2*m - 40. What is the units digit of z?
4
Let t = -74 + 107. What is the units digit of t?
3
Let k = 286 - 106. Suppose -4*g + k = 564. What is the units digit of (-2)/5 + g/(-15)?
6
Suppose 5*w + 4*b - 21 = 0, 3*w - 15 = -3*b - 0. Suppose -4*x + 27 + w = 0. What is the units digit of x?
7
Let n(l) = l - 5. Let j be n(3). Let f be (-1 - j) + (-2 - -1). What is the units digit of (4 + f)/((-1)/(-2))?
8
Let h(g) = -2 + 4*g**2 + 2 + 1. What is the units digit of h(-2)?
7
Let w(h) = -h**3 - 11*h**2 + 12*h. Let t be w(-12). Suppose t = y - 4*y + 27. What is the units digit of y?
9
Suppose -6 = 2*j - 5*s, 0 = -j + 3*s - 2. Let w = -3 - j. Let i = -3 + w. What is the units digit of i?
2
Suppose j - 3*j = -2. Suppose -l = 2 - j. Let m = 2 + l. What is the units digit of m?
1
Let w(f) = -6*f**3 - 3*f**2 + 4*f + 5. Let x(q) = -q**3 + q + 1. Let l(o) = w(o) - 5*x(o). What is the units digit of l(-3)?
3
Suppose 0 = 4*s + 2 + 46. Suppose 0 = -5*h + h. 